{"id":366,"date":"2012-04-27T17:15:53","date_gmt":"2012-04-27T14:15:53","guid":{"rendered":"http:\/\/www.elainklinikkakotisalo.fi\/milfeddyg\/?page_id=366"},"modified":"2012-04-27T17:15:53","modified_gmt":"2012-04-27T14:15:53","slug":"walesinspringerspanieli","status":"publish","type":"page","link":"http:\/\/www.elainklinikkakotisalo.fi\/milfeddyg\/rodut\/walesinspringerspanieli\/","title":{"rendered":"Walesinspringerspanieli"},"content":{"rendered":"<p>Walesinspringerspanieli on keskikokoinen iloinen spanieliperheen j\u00e4sen. Luonteeltaan se on energinen ja v\u00e4sym\u00e4t\u00f6n, josta johtuen harrastusmahdollisuudet welshin kanssa ovat rajattomat. Se sopii niin mukavaksi kotikoiraksi, kuin kaveriksi mets\u00e4lle tai kilpakumppaniksi agilitykeh\u00e4\u00e4n. Sen kanssa voi my\u00f6s osallistua tottelevaisuuskokeisiin ja mets\u00e4styskoirien j\u00e4ljest\u00e4miskokeisiin. Ilahduttavasti welshi on tullut tutummaksi n\u00e4yttelykehiss\u00e4, sen sijoittuminen ryhmiss\u00e4 ei ole en\u00e4\u00e4 harvinaista.<\/p>\n<p>Welshin rakastettava persoonallisuus johtaa usein siihen, ett\u00e4 se jumaloi perhett\u00e4\u00e4n ja haluaa olla aina kaikessa mukana, mit\u00e4 perheess\u00e4 tapahtuu.<\/p>\n<p>Rotu on hyvin vanha, Walesissa on jo 1700-luvulla esiintynyt punavalkoinen spanieli, joka oli linnunmets\u00e4styksess\u00e4 hyvin suosittu.<\/p>\n<p>Omaksi rodukseen Welshi on vahvistettu Iso-Britanniassa 1902; vain vuotta aiemmin syntynyt uros Rover of Gerwyn oli rodun ensimm\u00e4inen valio. Kuitenkin vasta sotien j\u00e4lkeen alkoi rodun laajamittaisempi kasvatus ja jalostus.<\/p>\n<p>Parhaiten welshin erottaa serkustaan englanninspringerist\u00e4 v\u00e4rins\u00e4 puolesta. V\u00e4ri on aina syv\u00e4npunainen ja valkoinen, mik\u00e4\u00e4n muu v\u00e4ri ei ole sallittu, punaisen s\u00e4vyerot toki sallitaan. Valkoisen ja punaisen m\u00e4\u00e4r\u00e4\u00e4 ei ole rajoitettu, kunhan kumpaakin on, yleens\u00e4 ainakin korvat ovat punaiset. Valkoisella pohjalla voi olla punaisia laikkuja tai punainen voi muodostaa koko sel\u00e4n kattavan manttelin. Jaloissa ja kuonossa voi my\u00f6s olla pienempi\u00e4 pilkkuja. Karvan laatu on silkkinen ja suora sek\u00e4 tuuhea. Kihara ja laineikas turkki ei ole toivottavaa, periaatteessa welshin turkkiin ei tule koskaan takkuja. Sen trimmauksesta selvi\u00e4\u00e4 my\u00f6s suhteellisen v\u00e4h\u00e4ll\u00e4 vaivalla, se on helppo jokaisen oppia itsekin tekem\u00e4\u00e4n. Korvien koon perusteella welshin voi my\u00f6s erottaa welshiksi, ne tulisi olla lyhyeksi nypityt, muodoltaan hieman viininlehte\u00e4 muistuttavat.<\/p>\n<p>Welshi on sopusuhtainen, tiivis ja kest\u00e4v\u00e4 koira. Sen rakenteen tulisi kest\u00e4\u00e4 p\u00e4iv\u00e4n ty\u00f6 yl\u00f6sajavana lintukoirana.<\/p>\n<p>Walesinspringerspanielit ovat suhteellisen terveit\u00e4 ja pitk\u00e4ik\u00e4isi\u00e4 koiria. Tavallisin elinik\u00e4 on noin 9-13 vuotta, mutta 15- tai 16-vuotiaaksikin el\u00e4vi\u00e4 koiria l\u00f6ytyy rodusta. Rakenne on varsin liioittelematon ja tarkoituksenmukainen. Rotua voidaan pit\u00e4\u00e4 varsin perusterveen\u00e4. Welshien tavallisimpia terveysongelmia ovat korvatulehdukset, atopiat ja allergiat sek\u00e4 kilpirauhasen vajaatoiminta ja muut autoimmuunisairaudet. Muualla maailmassa epilepsia koetaan rodun ongelmaksi, mutta Suomessa se on toistaiseksi kohtuullisen harvinainen sairaus.<\/p>\n<p>Welshi kuuluu Pevisaan, joten pentujen rekister\u00f6innin ehtona on vanhempien silm\u00e4- ja lonkkatutkimukset. Lonkkanivelen dysplasiaa sairastavien walesinspringerspanielien osuus on t\u00e4ll\u00e4 hetkell\u00e4 noin 30% kuvatuista yksil\u00f6ist\u00e4. N\u00e4ist\u00e4 koirista suurin osa luokitellaan lievimp\u00e4\u00e4n C-luokkaan, vakavampien D- ja E-asteiden esiintyminen on selv\u00e4sti v\u00e4h\u00e4isemp\u00e4\u00e4. Varsinaiset silm\u00e4sairaudet ovat hyvin harvinaisia, mutta silm\u00e4tutkimuksissa monelta l\u00f6ytyy ylim\u00e4\u00e4r\u00e4isi\u00e4 silm\u00e4\u00e4n p\u00e4in olevia ripsi\u00e4. Jonkin verran esiintyy my\u00f6s luomien asentovirheit\u00e4.<\/p>\n<p><strong>Rotum\u00e4\u00e4ritelm\u00e4<\/strong><br \/>\n<a href=\"http:\/\/www.kennelliitto.fi\/NR\/rdonlyres\/4ECBDBFC-4E7E-4093-8B6F-5B0D6FB77CF9\/0\/walesinspringerspanieli.pdf\" target=\"_blank\"><img loading=\"lazy\" decoding=\"async\" class=\"alignnone size-full wp-image-358\" title=\"pdf-logo\" src=\"http:\/\/www.elainklinikkakotisalo.fi\/milfeddyg\/wp-content\/uploads\/2012\/04\/pdf-logo-e1335535924948.png\" alt=\"\" width=\"80\" height=\"80\" \/><\/a><\/p>\n","protected":false},"excerpt":{"rendered":"<p>Walesinspringerspanieli on keskikokoinen iloinen spanieliperheen j\u00e4sen. Luonteeltaan se on energinen ja v\u00e4sym\u00e4t\u00f6n, josta johtuen harrastusmahdollisuudet welshin kanssa ovat rajattomat. Se sopii niin mukavaksi kotikoiraksi, kuin kaveriksi mets\u00e4lle tai kilpakumppaniksi agilitykeh\u00e4\u00e4n. Sen kanssa voi my\u00f6s osallistua tottelevaisuuskokeisiin ja mets\u00e4styskoirien j\u00e4ljest\u00e4miskokeisiin. Ilahduttavasti welshi on tullut tutummaksi n\u00e4yttelykehiss\u00e4, sen sijoittuminen ryhmiss\u00e4 ei ole en\u00e4\u00e4 harvinaista. Welshin rakastettava persoonallisuus [&hellip;]<\/p>\n","protected":false},"author":1,"featured_media":0,"parent":363,"menu_order":0,"comment_status":"open","ping_status":"open","template":"","meta":{"footnotes":""},"class_list":["post-366","page","type-page","status-publish","hentry"],"_links":{"self":[{"href":"http:\/\/www.elainklinikkakotisalo.fi\/milfeddyg\/wp-json\/wp\/v2\/pages\/366","targetHints":{"allow":["GET"]}}],"collection":[{"href":"http:\/\/www.elainklinikkakotisalo.fi\/milfeddyg\/wp-json\/wp\/v2\/pages"}],"about":[{"href":"http:\/\/www.elainklinikkakotisalo.fi\/milfeddyg\/wp-json\/wp\/v2\/types\/page"}],"author":[{"embeddable":true,"href":"http:\/\/www.elainklinikkakotisalo.fi\/milfeddyg\/wp-json\/wp\/v2\/users\/1"}],"replies":[{"embeddable":true,"href":"http:\/\/www.elainklinikkakotisalo.fi\/milfeddyg\/wp-json\/wp\/v2\/comments?post=366"}],"version-history":[{"count":1,"href":"http:\/\/www.elainklinikkakotisalo.fi\/milfeddyg\/wp-json\/wp\/v2\/pages\/366\/revisions"}],"predecessor-version":[{"id":367,"href":"http:\/\/www.elainklinikkakotisalo.fi\/milfeddyg\/wp-json\/wp\/v2\/pages\/366\/revisions\/367"}],"up":[{"embeddable":true,"href":"http:\/\/www.elainklinikkakotisalo.fi\/milfeddyg\/wp-json\/wp\/v2\/pages\/363"}],"wp:attachment":[{"href":"http:\/\/www.elainklinikkakotisalo.fi\/milfeddyg\/wp-json\/wp\/v2\/media?parent=366"}],"curies":[{"name":"wp","href":"https:\/\/api.w.org\/{rel}","templated":true}]}}