{"id":3409,"date":"2014-01-05T15:19:03","date_gmt":"2014-01-05T13:19:03","guid":{"rendered":"http:\/\/www.elainklinikkakotisalo.fi\/milfeddyg\/?page_id=3409"},"modified":"2019-09-26T09:22:30","modified_gmt":"2019-09-26T06:22:30","slug":"prinka","status":"publish","type":"page","link":"http:\/\/www.elainklinikkakotisalo.fi\/milfeddyg\/koiramme\/prinka\/","title":{"rendered":"Prinka"},"content":{"rendered":"<p>&nbsp;<\/p>\n<p><em>Narttu<\/em><\/p>\n<p><a href=\"http:\/\/jalostus.kennelliitto.fi\/frmKoira.aspx?RekNo=FI50076\/13&amp;R=314\">C.I.B FI CH EE CH LT CH RU CH RKFV RTK4 Czuprynka Bursztynowy Zakatek<\/a><\/p>\n<div id=\"attachment_4600\" style=\"width: 310px\" class=\"wp-caption aligncenter\"><a href=\"http:\/\/www.elainklinikkakotisalo.fi\/milfeddyg\/wp-content\/uploads\/2012\/04\/IMG_3352.jpg\" rel=\"lightbox[3409]\"><img loading=\"lazy\" decoding=\"async\" aria-describedby=\"caption-attachment-4600\" class=\"size-medium wp-image-4600\" src=\"http:\/\/www.elainklinikkakotisalo.fi\/milfeddyg\/wp-content\/uploads\/2012\/04\/IMG_3352-300x204.jpg\" alt=\"Prinka \" width=\"300\" height=\"204\" srcset=\"http:\/\/www.elainklinikkakotisalo.fi\/milfeddyg\/wp-content\/uploads\/2012\/04\/IMG_3352-300x204.jpg 300w, http:\/\/www.elainklinikkakotisalo.fi\/milfeddyg\/wp-content\/uploads\/2012\/04\/IMG_3352.jpg 1024w\" sizes=\"auto, (max-width: 300px) 100vw, 300px\" \/><\/a><p id=\"caption-attachment-4600\" class=\"wp-caption-text\">Prinka<\/p><\/div>\n<p>&nbsp;<\/p>\n<p>FI50076\/13<\/p>\n<p>s. 7.6.2013<\/p>\n<p><strong>is\u00e4:\u00a0<\/strong>Manusia&#8217;s Boris <strong>em\u00e4:<\/strong> Boney M. Z Pluznicke Staje<\/p>\n<p>koko 38 cm<\/p>\n<p><strong>Terveystiedot: HD B\/B, silm\u00e4t terveet,\u00a0 polvet 0\/0, kyyn\u00e4r\u00e4t 0\/0, selk\u00e4 terve, ei v\u00e4limuotoista lennenikamaa, vWd\u00a0 vapaa, ENM kantaja<\/strong><\/p>\n<p>Prinka l\u00f6ytyi Puolasta ja se tuli Suomeen 9 vk ik\u00e4isen\u00e4 elokuussa 2013. Prinkan is\u00e4 on komea Manusia\u00b4s Boris\u00a0 Hollannista ja em\u00e4 Tsekeist\u00e4 Puolaan tuotu Boney.<\/p>\n<p>Jo ensimm\u00e4isell\u00e4 lentomatkalla Suomeen Prinka osoittautui varsin reippaaksi kooikerityt\u00f6ksi ja otti lenotmatkan rennosti.\u00a0 Alusta asti se on suhtautunut eritt\u00e4in avoimesti ja yst\u00e4v\u00e4llisesti vieraisiin koiriin ja ihmisiin. Kaikkiin ymp\u00e4rist\u00f6ihin se on suhtautunut varsin mutkattomasti ja pelottomasti. Se on hyvin energinen ja iloinen . Sill\u00e4 on hyv\u00e4t sosiaaliset taidot ja se puhuu hyvin &#8221;koiraa&#8221; . Sill\u00e4 on harrastusk\u00e4ytt\u00f6\u00e4 ajatellen hyv\u00e4 toimintakyky\u00a0 ja hoksottimet kohdallaan. Prinkalla on voimakas riistavietti. Se tarkkailee valppaana ymp\u00e4rist\u00f6\u00e4 ja reagoi nopeasti.<\/p>\n<p>Rakenteeltaan Prinka on tasapainoinen ja rodunomainen ja sill\u00e4 on selv\u00e4 sukupuolileima. T\u00e4ydellist\u00e4 koiraa ei kuitenkaan ole viel\u00e4 luotu ja Prinkan pikkuvirhe on kovin pitk\u00e4 ja liikeess\u00e4 kippuralle k\u00e4\u00e4ntyv\u00e4 h\u00e4nt\u00e4. Siit\u00e4 johtuen on palkintosija muutamassa n\u00e4yttelyss\u00e4 laskenut.<\/p>\n<p>Prinka on helposti koulutettava. Agilityn alkeet ja rally-tokoliikkeet se on oppinut pienell\u00e4 vaivalla ik\u00e4\u00e4n kuin Kelmin sivussa. Prinka aloitti agilitykisat 1v 11 kk ik\u00e4isen\u00e4 ja siirtyi medi- kolmosluokkaan 7.7.2017 eli 4- vuotiaana.\u00a0 Rallytokossa se saavutti RTK 4- koulutustunnuksen 29.10.2016. Prinka saavutti Suomen muotovalion arvon kes\u00e4kuussa 2v ja 3 vk ik\u00e4isen\u00e4 heti ensimm\u00e4isess\u00e4 n\u00e4yttelyss\u00e4 t\u00e4ytetty\u00e4\u00e4n vaadittavat 2 vuotta. Kansainv\u00e4lisen muotovalion arvoon vaadittavan viimeisen cacibin se sai helmikuussa 2018.<\/p>\n<p>Kolme mej\u00e4koettakin on ehditty k\u00e4yd\u00e4 vuonna 2015 ja plakkarissa on yksi AVO2 tulos. Kaksi muuta koetta on sortunut linnun j\u00e4ljille eik\u00e4 tulosta niist\u00e4 tullut. Nuorempana Prinka j\u00e4ljesti eritt\u00e4in tarkasti, mutta se on niin innostunut kanalinnuista ja j\u00e4niksist\u00e4, mik\u00e4 v\u00e4h\u00e4n haittaa verij\u00e4ljell\u00e4 pysymist\u00e4. Kokeessa n\u00e4ytti silt\u00e4, ett\u00e4 Prinka oli enemm\u00e4nkin kanalintumets\u00e4ll\u00e4 kuin j\u00e4ljest\u00e4m\u00e4ss\u00e4. T\u00e4ss\u00e4 meill\u00e4 on opettelemista, ett\u00e4 saan Prinkan keskittym\u00e4\u00e4n osoitettuun j\u00e4lkeen.<\/p>\n<p>MH- luvauksen Prinka suoritti hyv\u00e4ksytysti v 2015. Olin todella ylpe\u00e4 ja iloinen rohkeasta ja reippaasta suoriutumisesta.<\/p>\n<p>Kaikin puolin olen Prinkaan tyytyv\u00e4inen sek\u00e4 ulkomuodollisesti, terveyden suhteen ett\u00e4 luonteen osalta. Sen sukutausta poikkeaa sopivasti Suomen kannasta ja tuo toivottavasti hieman erilaista linjaa Suomen kooikerikantaan.<\/p>\n<p>Prinkalla on kaksi kaunista ja hyv\u00e4luonteista pentuetta. Ensimm\u00e4inen pentue syntyi tammikuussa 2017 ja toinen kes\u00e4kuussa 2019.<\/p>\n<p>&nbsp;<\/p>\n<p>&nbsp;<\/p>\n<p>&nbsp;<\/p>\n<p>&nbsp;<\/p>\n","protected":false},"excerpt":{"rendered":"<p>&nbsp; Narttu C.I.B FI CH EE CH LT CH RU CH RKFV RTK4 Czuprynka Bursztynowy Zakatek &nbsp; FI50076\/13 s. 7.6.2013 is\u00e4:\u00a0Manusia&#8217;s Boris em\u00e4: Boney M. Z Pluznicke Staje koko 38 cm Terveystiedot: HD B\/B, silm\u00e4t terveet,\u00a0 polvet 0\/0, kyyn\u00e4r\u00e4t 0\/0, selk\u00e4 terve, ei v\u00e4limuotoista lennenikamaa, vWd\u00a0 vapaa, ENM kantaja Prinka l\u00f6ytyi Puolasta ja se tuli [&hellip;]<\/p>\n","protected":false},"author":2,"featured_media":0,"parent":15,"menu_order":0,"comment_status":"open","ping_status":"open","template":"","meta":{"footnotes":""},"class_list":["post-3409","page","type-page","status-publish","hentry"],"_links":{"self":[{"href":"http:\/\/www.elainklinikkakotisalo.fi\/milfeddyg\/wp-json\/wp\/v2\/pages\/3409","targetHints":{"allow":["GET"]}}],"collection":[{"href":"http:\/\/www.elainklinikkakotisalo.fi\/milfeddyg\/wp-json\/wp\/v2\/pages"}],"about":[{"href":"http:\/\/www.elainklinikkakotisalo.fi\/milfeddyg\/wp-json\/wp\/v2\/types\/page"}],"author":[{"embeddable":true,"href":"http:\/\/www.elainklinikkakotisalo.fi\/milfeddyg\/wp-json\/wp\/v2\/users\/2"}],"replies":[{"embeddable":true,"href":"http:\/\/www.elainklinikkakotisalo.fi\/milfeddyg\/wp-json\/wp\/v2\/comments?post=3409"}],"version-history":[{"count":8,"href":"http:\/\/www.elainklinikkakotisalo.fi\/milfeddyg\/wp-json\/wp\/v2\/pages\/3409\/revisions"}],"predecessor-version":[{"id":5254,"href":"http:\/\/www.elainklinikkakotisalo.fi\/milfeddyg\/wp-json\/wp\/v2\/pages\/3409\/revisions\/5254"}],"up":[{"embeddable":true,"href":"http:\/\/www.elainklinikkakotisalo.fi\/milfeddyg\/wp-json\/wp\/v2\/pages\/15"}],"wp:attachment":[{"href":"http:\/\/www.elainklinikkakotisalo.fi\/milfeddyg\/wp-json\/wp\/v2\/media?parent=3409"}],"curies":[{"name":"wp","href":"https:\/\/api.w.org\/{rel}","templated":true}]}}